se 13) to base 7.
-2224626
What is 1ad97 (base 14) in base 6?
1245145
34823 (base 13) to base 5
11031402
Convert 48999 (base 13) to base 8.
404533
Convert -7cda2 (base 16) to base 15.
-a17ce
Convert 200222111001 (base 3) to base 4.
1123031200
Convert -10101121022 (base 3) to base 4.
-100103123
Convert -5b9143 (base 14) to base 10.
-3136647
What is -21310331 (base 4) in base 7?
-225233
2070aa (base 13) to base 16
b9159
What is 112443 (base 12) in base 16?
42cf3
Convert 7814b (base 16) to base 4.
1320011023
-275302 (base 8) to base 16
-17ac2
Convert 1466304 (base 8) to base 10.
421060
Convert -4800406 (base 9) to base 13.
-6cc987
Convert -346252 (base 9) to base 16.
-32c66
Convert 1321b51 (base 12) to base 6.
212543341
-3b9bb (base 12) to base 8
-241337
Convert 1052311005 (base 6) to base 9.
23733065
Convert 1005577 (base 8) to base 13.
93874
Convert 1110001010000011000 (base 2) to base 11.
297594
What is -a322d (base 14) in base 12?
-16b3b5
Convert -207763 (base 10) to base 4.
-302232103
Convert -42559 (base 11) to base 4.
-33013013
What is 143985 (base 11) in base 9?
372316
What is -482682 (base 9) in base 4?
-1012332032
Convert 5185210 (base 10) to base 3.
100202102202211
1006575 (base 10) to base 11
628289
Convert -996704 (base 11) to base 6.
-54025225
What is -5b030c (base 14) in base 6?
-150412440
Convert -3655281 (base 10) to base 7.
-43032540
What is -84941 (base 12) in base 5?
-21033040
Convert -403135 (base 9) to base 4.
-322032200
-3298bd (base 15) to base 7
-26333164
Convert -102111112111 (base 3) to base 5.
-24221011
-88809 (base 12) to base 15
-388d3
Convert -5205331 (base 6) to base 12.
-100847
-2023030 (base 4) to base 7
-34654
Convert 11404424323 (base 5) to base 15.
128ce43
What is -291c0 (base 15) in base 6?
-2455130
-234002011 (base 5) to base 3
-2000210021001
Convert 11011201210 (base 3) to base 12.
3b686
Convert 1b6a7 (base 13) to base 11.
37531
-232217 (base 9) to base 7
-1120315
Convert 1011010100111011001 (base 2) to base 3.
200212010201
Convert -151337 (base 12) to base 9.
-600517
Convert -2610d8 (base 15) to base 13.
-4bc227
What is 2052894 (base 10) in base 14?
3b61d4
What is -5b392d (base 16) in base 14?
-b18a17
What is -a41a9 (base 12) in base 15?
-43880
-1a262aa (base 11) to base 12
-118abb1
What is -11100011101000110 (base 2) in base 16?
-1c746
Convert 27255247 (base 8) to base 14.
b5387d
Convert 222474 (base 10) to base 6.
4433550
Convert -53624 (base 9) to base 13.
-1320a
-3b74a (base 13) to base 6
-2214155
-120022530 (base 6) to base 7
-25030341
Convert -5455327 (base 9) to base 12.
-b93807
Convert -437223 (base 9) to base 7.
-2135262
Convert 3325006 (base 7) to base 16.
64123
What is -5253652 (base 9) in base 6?
-140125032
Convert 340d93 (base 16) to base 4.
31000312103
What is 2a64c (base 14) in base 2?
11001110000101100
Convert 5381928 (base 10) to base 7.
63513516
What is -1012000101 (base 3) in base 2?
-101101100101010
What is -201ab1 (base 15) in base 9?
-2773244
Convert 110022213 (base 4) to base 12.
3b973
7442417 (base 8) to base 4
13210110033
fa7 (base 16) to base 3
12111102
37911 (base 13) to base 8
310305
-102201002102 (base 3) to base 14
-5dd93
What is -116243 (base 8) in base 9?
-61004
What is 3705a5 (base 12) in base 11?
55a5a8
-14d887 (base 15) to base 13
-293878
Convert -165616 (base 7) to base 5.
-2030420
What is 71955 (base 10) in base 15?
164c0
Convert -a18113 (base 13) to base 8.
-16256224
5522662 (base 11) to base 15
cb7c68
Convert -4169983 (base 13) to base 15.
-1b27bd1
-1001001011101100010111001 (base 2) to base 4
-1021131202321
Convert -8ee4 (base 16) to base 11.
-25535
What is 1623f (base 16) in base 14?
25099
ba7d2 (base 16) to base 12
30a06a
Convert -503536 (base 7) to base 14.
-23156
Convert -20077671 (base 8) to base 5.
-2040231001
8a907c (base 16) to base 11
5142725
Convert -1001000010110000100100 (base 2) to base 4.
-21002300210
1011100010100101111 (base 2) to base 14
9bb55
What is 10441d (base 14) in base 16?
862eb
What is 96011a (base 13) in base 2?
1101011001101101101011
-1011110010111000100110 (base 2) to base 8
-13627046
Convert -354111 (base 7) to base 3.
-10020121000
206221 (base 8) to base 10
68753
Convert -cea7 (base 15) to base 4.
-22230133
2960c9 (base 16) to base 15
388738
What is -1236500 (base 7) in base 13?
-5823b
Convert 123412420 (base 5) to base 13.
183515
What is 2546147 (base 9) in base 7?
14543116
-2d784 (base 14) to base 3
-12210100221
-325052 (base 10) to base 2
-1001111010110111100
Convert 100000111001111000 (base 2) to base 10.
134776
1834147 (base 9) to base 2
11111010100111111100
Convert -11222010201202 (base 3) to base 16.
-284972
What is -606067 (base 8) in base 14?
-52b0b
What is -50050625 (base 7) in base 15?
-568aa8
What is -22012020 (base 5) in base 16?
-2dfe1
15412232 (base 7) to base 5
334412344
Convert -21406706 (base 8) to base 13.
-c498c5
What is 37225 (base 9) in base 14?
9159
What is -23269 (base 11) in base 12?
-17534
Convert 10421870 (base 9) to base 12.
1829053
653299 (base 11) to base 14
1d25b0
What is 440600 (base 10) in base 6?
13235452
33573 (base 12) to base 11
4726a
What is 140a499 (base 15) in base 3?
1000012210101200
ba9a (base 13) to base 8
62600
Convert aa4446 (base 15) to base 8.
36750442
Convert -5423135 (base 6) to base 7.
-2163263
What is 639c31 (base 13) in base 15?
311e07
691942 (base 10) to base 7
5611216
Convert -1428411 (base 9) to base 5.
-200140200
Convert -883123 (base 9) to base 3.
-222210010210
What is -7e4b (base 15) in base 9?
-40738
Convert 107b2b (base 14) to base 7.
4516254
-12312340 (base 5) to base 12
-59348
What is -7181442 (base 9) in base 10?
-3832715
Convert -1ee9e (base 15) to base 11.
-6a017
Convert 58e82 (base 16) to base 13.
c99a6
What is -263240 (base 7) in base 4?
-30000113
What is 39510 (base 13) in base 11?
7296a
-15233053 (base 6) to base 16
-82359
What is 235100212 (base 6) in base 8?
20740160
Convert 30243031 (base 5) to base 3.
110101001010
Convert 1340011102 (base 5) to base 6.
201405541
Convert 6a5264 (base 13) to base 12.
a19119
-193089 (base 15) to base 9
-2266653
What is -30025741 (base 8) in base 10?
-6302689
What is -2504024 (base 6) in base 12?
-65014
What is 111101010101100001010 (base 2) in base 9?
3703014
Convert -1010100110000000110100 (base 2) to base 8.
-12460064
-985a647 (base 11) to base 8
-102043505
-30100200 (base 5) to base 7
-2006365
8a32621 (base 11) to base 13
338357b
What is 105344152 (base 6) in base 12?
798058
What is -56605265 (base 8) in base 14?
-18b1297
What is 57a2d7 (base 14) in base 13?
8071c5
What is e8dc (base 16) in base 10?
59612
What is 2130342 (base 5) in base 9?
54765
Convert -155532015 (base 7) to base 8.
-50226211
Convert 455894 (base 10) to base 13.
12c67a
What is 76817 (base 10) in base 9?
126332
Convert 3b8a (base 13) to base 9.
12665
What is 6606768 (base 10) in base 9?
13378703
1011001011010001001001 (base 2) to base 7
33621336
-33271 (base 16) to base 11
-133464
Convert -362a06 (base 11) to base 16.
-8c59d
What is 396328 (base 10) in base 5?
100140303
Convert 48a362 (base 11) to base 8.
2751641
What is -10425225 (base 6) in base 5?
-40033201
What is -4703076 (base 9) in base 4?
-21230130303
Convert -193b8 (base 16) to base 3.
-12020202212
What is -81a21 (base 12) in base 7?
-1302643
Convert 1010010010101111 (base 2) to base 4.
22102233
What is -11010111100000101 (base 2) in base 11?
-759a0
Convert 10010010001111000101001 (base 2) to base 7.
55505256
-922880 (base 12) to base 13
-620484
What is 15245322 (base 6) in base 16?
82a72
12726544 (base 8) to base 2
1010111010110101100100
Convert 2210001111212 (base 3) to base 15.
1e2ad8
What is -46135 (base 8) in base 2?
-100110001011101
Convert -11001231031 (base 4) to base 16.
-141b4d
-58178 (base 11) to base 6
-1445055
What is -1015400 (base 6) in base 3?
-2111110100
What is -14555 (base 13) in base 7?
-216362
-111010100011100 (base 2) to base 8
-72434
What is 210012002201 (base 3) in base 6?
12534501
Convert 38a852 (base 11) to base 6.
21101240
1022033010 (base 5) to base 10
2142880
Convert -529221 (base 10) to base 3.
-222212221210
Convert -2a28aa (base 14) to base 8.
-5461206
10313323301 (base 4) to base 12
517495
What is 25a7b (base 16) in base 2?
100101101001111011
-30053404 (base 8) to base 